026?
71
Calculate the highest common factor of 185640 and 21720.
120
Calculate the highest common divisor of 4 and 576426.
2
Calculate the greatest common divisor of 58 and 39462649.
29
What is the greatest common divisor of 3692 and 12511265?
923
Calculate the greatest common factor of 631499 and 1334993.
2057
Calculate the highest common divisor of 42 and 36070622.
14
What is the highest common divisor of 3349133 and 664?
83
What is the greatest common factor of 1587 and 3589242?
69
What is the greatest common divisor of 320 and 604104?
8
What is the greatest common factor of 278132 and 1196?
4
Calculate the greatest common factor of 6622056 and 126.
126
What is the greatest common divisor of 500 and 3974125?
125
What is the highest common factor of 1586538031 and 13?
13
What is the greatest common factor of 18357 and 2127513?
633
Calculate the highest common divisor of 7325754 and 8616.
2154
Calculate the greatest common divisor of 48203 and 24553086.
2537
What is the highest common factor of 16257 and 183503597?
5419
Calculate the highest common factor of 68473314 and 714.
714
What is the highest common factor of 492 and 691368?
12
Calculate the greatest common divisor of 3230 and 9952650.
170
Calculate the greatest common factor of 10972 and 41876.
4
Calculate the greatest common factor of 420733067 and 5361.
1787
What is the greatest common factor of 24442608 and 96?
48
Calculate the greatest common factor of 753 and 133053.
3
What is the highest common factor of 1210 and 832370?
110
Calculate the greatest common factor of 14041 and 1561507.
739
Calculate the greatest common divisor of 424196 and 86500.
692
What is the highest common factor of 8890688 and 736?
32
Calculate the greatest common divisor of 5664575 and 1150.
25
Calculate the greatest common divisor of 10 and 21277390.
10
What is the highest common divisor of 10414152 and 189?
63
What is the highest common divisor of 195472 and 1262208?
304
What is the greatest common factor of 15546314 and 14?
14
Calculate the highest common divisor of 14297 and 4139721.
493
What is the greatest common divisor of 11 and 962143391?
11
What is the greatest common factor of 2275 and 1336335?
455
What is the greatest common factor of 216 and 10926873?
27
What is the greatest common divisor of 65400 and 4450470?
3270
What is the highest common factor of 12002 and 1135294?
34
Calculate the highest common factor of 1307278 and 1778.
14
What is the greatest common divisor of 558 and 4094028?
18
What is the highest common factor of 6112 and 343036?
764
Calculate the greatest common factor of 920011065 and 285.
285
What is the highest common factor of 51970512 and 132?
132
What is the greatest common factor of 81964 and 431396?
124
What is the highest common divisor of 3165 and 153030?
15
What is the highest common divisor of 152 and 13781308?
76
Calculate the highest common divisor of 96 and 5940816.
48
What is the greatest common divisor of 960 and 2287770?
30
Calculate the greatest common divisor of 196539 and 229467.
1029
Calculate the highest common factor of 180 and 79800540.
60
Calculate the greatest common factor of 98250295 and 11.
11
Calculate the highest common factor of 32543154 and 1302.
42
Calculate the highest common divisor of 5470008 and 2950.
118
Calculate the highest common factor of 2419 and 603344561.
2419
What is the greatest common factor of 5704 and 393178146?
1426
What is the highest common factor of 9356038 and 2900?
58
Calculate the greatest common factor of 1439500 and 88.
4
Calculate the greatest common divisor of 406836 and 376812.
108
Calculate the greatest common divisor of 475 and 180418375.
25
Calculate the highest common factor of 10 and 18837855.
5
What is the greatest common factor of 231252 and 2541?
21
What is the highest common divisor of 3952 and 5776?
304
What is the highest common divisor of 2553769719 and 9?
9
What is the greatest common factor of 1228371 and 14931?
237
Calculate the greatest common divisor of 376 and 2737468.
188
Calculate the highest common divisor of 5376 and 35696.
16
Calculate the greatest common divisor of 43 and 18558.
1
What is the greatest common divisor of 4070 and 6082208?
814
What is the highest common divisor of 373048 and 67912?
104
Calculate the greatest common factor of 223 and 45006529.
223
What is the greatest common divisor of 960 and 1022592?
192
Calculate the highest common divisor of 56 and 66286234.
14
Calculate the greatest common divisor of 1109 and 70043331.
1109
What is the highest common divisor of 614901 and 105999?
267
Calculate the greatest common divisor of 7002 and 1826355.
1167
Calculate the greatest common divisor of 11551342 and 97.
97
What is the greatest common factor of 11001075 and 10?
5
Calculate the highest common factor of 152 and 591242.
38
What is the greatest common factor of 43616 and 169969?
29
What is the highest common divisor of 532 and 25605958?
266
Calculate the greatest common divisor of 2479768 and 736.
184
Calculate the greatest common divisor of 11848139 and 205.
41
Calculate the greatest common divisor of 51510 and 54562826.
3434
What is the highest common divisor of 158 and 457826883?
79
Calculate the greatest common factor of 57366 and 126.
18
What is the highest common divisor of 3779584 and 1024?
1024
Calculate the greatest common factor of 21681 and 23069387.
803
What is the greatest common factor of 28322200 and 655?
655
What is the highest common divisor of 298110 and 1320?
30
What is the greatest common factor of 11810 and 62210?
10
What is the highest common factor of 72079320 and 2040?
2040
Calculate the highest common factor of 88374194 and 1907.
1907
Calculate the greatest common divisor of 8580 and 109.
1
What is the highest common divisor of 7189912 and 2504440?
3944
Calculate the greatest common factor of 44209 and 8327.
11
What is the greatest common divisor of 532740 and 78845?
65
Calculate the highest common factor of 34 and 33578638.
34
Calculate the greatest common divisor of 100740 and 387780.
1380
Calculate the greatest common factor of 332 and 18262988.
332
What is the greatest common divisor of 365321352 and 22968?
7656
What is the highest common divisor of 13459665 and 780?
15
What is the highest common factor of 518395 and 1581235?
2605
Calculate the highest common divisor of 3644244 and 2001456.
4428
What is the greatest common factor of 144 and 4457718?
18
What is the highest common factor of 2884 and 8500178?
206
What is the greatest common factor of 155 and 1997837005?
155
What is the greatest common divisor of 1384 and 13288303?
173
What is the highest common divisor of 9625814 and 498410?
4334
What is the highest common factor of 4368 and 32214?
546
What is the highest common divisor of 1107 and 7292506?
41
Calculate the greatest common factor of 4610529 and 7161.
231
What is the greatest common factor of 248860 and 643080?
460
What is the greatest common divisor of 122595 and 275?
55
Calculate the greatest common factor of 102 and 478614.
6
What is the highest common divisor of 2555385 and 1239?
21
Calculate the highest common divisor of 21025017 and 134143.
2531
What is the highest common divisor of 111 and 6506894?
37
What is the greatest common divisor of 609575 and 99900?
925
What is the greatest common divisor of 8835996 and 24?
12
What is the greatest common divisor of 292931871 and 213?
213
Calculate the highest common divisor of 386803445 and 49.
7
What is the highest common divisor of 9845994 and 48?
6
What is the highest common divisor of 8 and 979824?
8
Calculate the greatest common factor of 94626840 and 7623.
2541
What is the greatest common divisor of 138 and 2027634?
138
Calculate the highest common divisor of 33470 and 4460.
10
What is the highest common factor of 45 and 18405675?
45
Calculate the greatest common factor of 40909 and 12135097.
3719
What is the highest common divisor of 5888777 and 106?
53
Calculate the greatest common factor of 27 and 176641503.
3
Calculate the highest common factor of 6363893 and 5149.
271
What is the highest common divisor of 5638 and 43336487?
2819
Calculate the greatest common factor of 5265478 and 153.
17
Calculate the greatest common divisor of 4582 and 3424334.
158
What is the highest common 